 by 16?
14
Let n = -22 + 33. Calculate the remainder when n is divided by 78/19 - (-4)/(-38).
3
What is the remainder when (-2)/(-4) - 198/(-4) is divided by 26/(-52) - 54/(-4)?
11
Suppose -5*q + 17 = -3. What is the remainder when q is divided by 2?
0
Let q be 13/4 + 1/(-4). What is the remainder when 15 is divided by (q - -9)/(1 + 1)?
3
Let p(v) = v**2 + v + 2. What is the remainder when 41 is divided by p(4)?
19
Let i(j) = -j. Let b(q) = -7*q - 2. Let n(l) = -b(l) + 4*i(l). What is the remainder when 20 is divided by n(3)?
9
Let h = -14 - -32. Suppose 0 = r - 3*r + h. Calculate the remainder when 16 is divided by r.
7
Suppose -2 = -i - 4*f, 4*i = -f + 2*f + 25. Let n = -9 + i. Let b(m) = -m**2 - 3*m + 4. Calculate the remainder when b(n) is divided by 3.
1
Let l = -12 + 25. Suppose 0 = 3*i - 5*g + 3*g - 62, -3*i - g = -77. Calculate the remainder when i is divided by l.
11
Let a be (-4)/(-6)*75/10. Suppose -2*z + a*z = -12. Let q(f) = f**3 + 6*f**2 + 2*f. Calculate the remainder when q(z) is divided by 9.
6
What is the remainder when ((-75)/4)/((-3)/8) is divided by 13?
11
Suppose -4*f + 20 = -4. Suppose 4*m + 3*p = -23, 4*m - p + 3 = -0*p. Let t(n) = -n + 2. What is the remainder when f is divided by t(m)?
2
Suppose -4*x - 6 = 4*a - 22, 4*a = -8. Let j = x + 6. Let s = j - 3. Calculate the remainder when 34 is divided by s.
7
Let r = 9 - -20. Calculate the remainder when 113 is divided by r.
26
Suppose -27 = 5*a - 4*a. Let b = 37 + a. Suppose -60 = -4*y - 3*f, f = y + 3*y - 76. Calculate the remainder when y is divided by b.
8
Let m(i) be the second derivative of 7*i**3/6 - 7*i**2/2 - 3*i. Calculate the remainder when m(6) is divided by 12.
11
Calculate the remainder when (105/(-25))/(3/(-15)) is divided by 12.
9
Let z = 0 - -32. Calculate the remainder when 39 is divided by (z/(-24))/((-4)/42).
11
Let j = -4 + 3. Let u = 1 - j. Let b = 7 + u. What is the remainder when 25 is divided by b?
7
Suppose 5*h + 0*h - 30 = 5*x, 0 = -4*h - x + 19. What is the remainder when h is divided by 3?
2
What is the remainder when 100/1*6/12 is divided by 26?
24
Suppose 0 = 8*y - 506 + 10. What is the remainder when 307 is divided by y?
59
Let l = 14 + 6. Suppose 0*a = -5*a + l. Calculate the remainder when a is divided by 3.
1
Suppose 5 = -5*d + 130. Calculate the remainder when 72 is divided by d.
22
Let w = -7 + 58. Calculate the remainder when w is divided by 18.
15
Let j(h) = h**2 + 5*h + 4. Let n = 3 + -8. Let a(q) = 4*q - 26. Calculate the remainder when j(n) is divided by a(7).
0
Let l be 1/((-1)/(-1))*9. Suppose -a = -5*c + l, -3*a + 3*c = 6*c - 27. Calculate the remainder when a is divided by (-2*1 - -2) + 2.
0
Suppose w - 6 + 1 = 0. Suppose 0 = -2*y + y + 4, -4*y - 4 = -w*h. Let j(a) = a**3 - 13*a**2 - 14*a + 10. What is the remainder when j(14) is divided by h?
2
Calculate the remainder when (-72)/(-6)*(-8)/(-6) is divided by ((-10)/(-4) + -1)*6.
7
Let m(t) = t**3 + 7*t**2 - 5*t - 10. What is the remainder when 122 is divided by m(-7)?
22
Suppose 7*k - 151 = 283. What is the remainder when k is divided by 16?
14
Let a be 6/15 - (-94)/(-10). Let j = a + 18. What is the remainder when 17 is divided by j?
8
Let a(j) = j**2 + j**3 - 84 + 7*j**2 + 79. What is the remainder when a(-4) is divided by 12?
11
Suppose 19 = 4*b - 57. Let f = b - 7. What is the remainder when 35 is divided by f?
11
Suppose -4*j = -q + 1, -5*j + 28 = 5*q - 3*q. Let z(r) = r - 4. Let u be z(q). Suppose 3 + 2 = u*a. What is the remainder when 1 is divided by a?
0
Let t = 42 + -39. Suppose -s - 5*i + 2 = 0, -s - 1 = 2*i - 0. What is the remainder when 5 is divided by (0 - s) + t/(-3)?
1
Let z = 11 + -6. Suppose z*j = 23 + 12. What is the remainder when 20 is divided by j?
6
Let x(f) = 3*f**2 + 13*f - 24. Let n(z) = z + 1. What is the remainder when x(2) is divided by n(3)?
2
Suppose 0 = -8*c + 4*c + 20, -3*a - 1 = -2*c. Suppose 4*w - 118 = p - 10, -p = a*w - 81. What is the remainder when w is divided by 6?
3
Let g(o) = -o**3 + 11*o**2 - 13*o - 17. What is the remainder when g(8) is divided by 19?
14
Let c(l) = 4*l**2 - 6*l + 5. Let r be c(5). Suppose 3*o = -2*o + r. Calculate the remainder when o is divided by 0 + -2 + 7 + 1.
3
Let t = 48 - 12. Suppose -2*a + 3*a - 21 = -2*i, -4*i = -4*a - t. Suppose -2*n + 41 = -5*x, -4*x + 4 = 5*n - 82. Calculate the remainder when n is divided by i.
8
Let k(f) = -f**3 + 6*f**2 - 8*f + 2. Suppose -4*b - 2 = 2*a, a - 5*b + 8 = 5*a. What is the remainder when a is divided by k(4)?
1
Let i(m) = 4*m**3 - 2*m**2 + 2*m. Let l = -3 + 4. Calculate the remainder when i(2) is divided by l/(-2) + 21/2.
8
Suppose -4*q + 370 = q. Calculate the remainder when q is divided by 19.
17
What is the remainder when 1*((-3)/1 - -40) is divided by 20?
17
Suppose -55*m + 54*m + 16 = 0. What is the remainder when 60 is divided by m?
12
What is the remainder when (-3)/(-4) - 434/(-8) is divided by 19?
17
Let n = -1 + 9. What is the remainder when 46 is divided by n?
6
Suppose -3*g + 17 = -t, -5*g - 4*t + 14 = -20. Calculate the remainder when g is divided by 3.
0
Suppose 168 = 3*h - 99. Calculate the remainder when h is divided by 23.
20
Let k(l) = 5*l - 6. What is the remainder when 51 is divided by k(3)?
6
Let j(v) = -v**3 + v**2 - v + 21. Calculate the remainder when j(0) is divided by ((-6)/(-9))/(2/33).
10
Let q(m) = 2*m + 27. Calculate the remainder when 32 is divided by q(-10).
4
Suppose -2*r + 5*r = m + 39, 0 = 4*r + m - 59. Let o(n) = -n + 10. Let j be o(5). Suppose 0 = -j*i + 3*i + 10. What is the remainder when r is divided by i?
4
Let w = 5 + 1. Calculate the remainder when 9 is divided by w.
3
Let w(h) = 2*h + 2. Let k be w(4). Suppose k = 6*r - r. Let i = 13 - r. What is the remainder when i is divided by 6?
5
Let d(k) = -k**3 - 2*k + 22. Calculate the remainder when 63 is divided by d(0).
19
Let r(k) = 6*k**2 + 5*k + 4. What is the remainder when r(-2) is divided by 7?
4
Suppose -23 = -6*h + 19. Let q(v) = -2*v - 7. Let n be q(-6). Let w = 31 - n. Calculate the remainder when w is divided by h.
5
What is the remainder when 207/(-6)*2/(-1) is divided by 18?
15
Let g = 29 + -11. Let u(b) = -b**2 + 10*b + 5. Let o(y) = -y**2 + 9*y - 8. Let k be o(6). What is the remainder when g is divided by u(k)?
3
Suppose -74 = -5*t + 81. Calculate the remainder when 91 is divided by t.
29
Let h = -4 + 9. Suppose j + 64 = h*j. Let u(c) = -c**3 + c**2 + 46. What is the remainder when u(0) is divided by j?
14
Let v(a) = -a - 1. Suppose -q + 5 = 13. Suppose -76 = -3*z - 16. Calculate the remainder when z is divided by v(q).
6
Let y(w) = -3*w + 3. Let g be (-46)/(-14) - 2/7. Suppose 0 = -4*m - n - 8, m + 4 = -g*m - 2*n. What is the remainder when 34 is divided by y(m)?
10
Let g(w) = 15*w - 21. Let b(h) = -5*h + 7. Let y = -7 - -1. Let r(t) = y*g(t) - 17*b(t). What is the remainder when r(-9) is divided by 18?
16
Let f = 41 + -27. What is the remainder when 39 is divided by f?
11
Let a be (-24)/(-6)*(-2)/(-4). Suppose -a*o + 48 = -10. What is the remainder when o is divided by 10?
9
Let p = 119 - 88. Calculate the remainder when 88 is divided by p.
26
Let r(g) = g**3 + 7*g**2 + 9*g + 8. Calculate the remainder when 51 is divided by r(-5).
12
Let y be ((-14)/(-6))/((-1)/(-6)). Let o be (0 + 2)*10/(-4). Let q = o + y. Calculate the remainder when 16 is divided by q.
7
Let d(r) = -14*r - 12. What is the remainder when d(-9) is divided by 29?
27
Suppose 9*c - 345 - 573 = 0. What is the remainder when c is divided by 26?
24
Suppose -5*b = -2*b + 36. Let p(g) = g**3 + 11*g**2 - 17*g - 11. Calculate the remainder when p(b) is divided by 26.
23
Suppose -2*i + 16 = -i. Let q = -83 - -146. What is the remainder when q is divided by i?
15
Calculate the remainder when 38 is divided by -6*4/(-12) - -8.
8
Let h = 31 + -14. Let i = 8 + 17. Suppose j - 4 + 19 = x, 4*x + 3*j = i. What is the remainder when h is divided by x?
7
Suppose -6 = -0*u - 3*u. Suppose 5*n = -5*o + 5, 5*o + 3*n - u - 1 = 0. Suppose o = 5*f - 12 - 18. What is the remainder when 11 is divided by f?
5
Suppose -9 = -7*a + 2*a - 2*z, -a - 3*z + 7 = 0. What is the remainder when a + -1 + 0 - -57 is divided by 20?
17
Suppose 6*t + 16 = 2*c + 4*t, 5*c + 5*t - 80 = 0. What is the remainder when c is divided by 5?
2
Suppos